-3)/(-36)*3). Suppose 0 = -a*q - 16, -2*q + 52 = 3*d - 6*q. What are the prime factors of d?
2, 3
Let c = 40 + -20. Suppose -c = -8*v + 3*v. What are the prime factors of v?
2
Suppose 41 = -5*u + 6*u. List the prime factors of u.
41
What are the prime factors of (45/(-10) + 2)*-14?
5, 7
Suppose -406 = -3*h - 4*n, 0*h + 5*n + 397 = 3*h. List the prime factors of h.
2, 67
Suppose 2 + 1 = 3*f, i - 5*f - 13 = 0. What are the prime factors of i?
2, 3
Suppose r = 3*r - 62. List the prime factors of r/4 - (-3)/12.
2
What are the prime factors of (3/1)/((-15)/(-130))?
2, 13
Suppose 3*q = 2*q + 90. What are the prime factors of (q/(-4))/((-33)/44)?
2, 3, 5
Let b be ((-6)/(-3))/2*0. Suppose 0*r = -4*r - 2*g + 4, -3*r - 4*g = 7. Let o = r + b. What are the prime factors of o?
3
Let x = 53 - 22. What are the prime factors of x?
31
Suppose q - 367 = -2*r, 0 = -4*r - 3*q + 2*q + 737. Suppose r = 2*u + 3*u. What are the prime factors of u?
37
Let t = 0 - -1. Let g be t/4 + (-318)/(-8). Suppose x + 3*x = g. What are the prime factors of x?
2, 5
Suppose -c - 305 = -6*c. Suppose 2*w + c = 5*z, -z = 2*w - 0 - 5. List the prime factors of z.
11
List the prime factors of (3 + -6)/6*756/(-3).
2, 3, 7
Let f be (-11)/(44/(-24)) - 1. Let w(r) = 3*r - 12. What are the prime factors of w(f)?
3
Suppose j - 12 = -3*j. List the prime factors of j.
3
Suppose -6 = 5*o - 26. List the prime factors of (29 + (o - 1))*1.
2
Let v be 1/(3/18*3). Suppose 0*a + 8 = -v*a. Let y = a + 13. List the prime factors of y.
3
Let x(p) be the second derivative of p**5/20 + 5*p**4/12 - 4*p**3/3 - 4*p**2 - p. Let n(s) = -2*s + 14. Let a be n(10). What are the prime factors of x(a)?
2
Suppose -2*n = 2*n + 36. Let w = n - -13. Let s = 1 + w. What are the prime factors of s?
5
Let l(y) = 2*y**3 - 3*y**2 - 2*y - 5. Let u be l(3). Let r(w) = -w**3 - w**2 - 1. Let o be r(-2). Let d = u - o. What are the prime factors of d?
13
Let g(d) = 4*d - 4. Let w be 1*-1*(1 + 2). Let h = w + 7. What are the prime factors of g(h)?
2, 3
Suppose f - 34 - 48 = -2*o, 0 = 2*o + 8. What are the prime factors of f?
2, 3, 5
Suppose 0 = 7*b - 3*b - 16. Suppose j = 2*j + b. What are the prime factors of j/(-10) - 106/(-10)?
11
Suppose 0*r - 5*r + 5*v = -520, 2*r + 2*v - 200 = 0. Suppose 5*c - 2*f - 90 = 3*f, 5*c + f = r. List the prime factors of c.
2, 5
Let g = 97 - 14. What are the prime factors of g?
83
Let c(y) = 159*y - 31. List the prime factors of c(2).
7, 41
Suppose 4*m - 9 = 11. Suppose -o - 3*h + 5 = 2*h, o - 5*h - m = 0. Suppose 2*q + 4*i - 2 - 14 = 0, o*i = -25. List the prime factors of q.
2, 3
Suppose 3*j = 2*j + 80. Suppose 5*l - j = 5*p, -5*p = -2*l + 6*l - 19. What are the prime factors of l?
11
Suppose 0 = -s - 3*d + 1, -3*s + 3*d + 40 = -11. Suppose s = 2*g - 5*q, -4*g + q + 0*q - 19 = 0. What are the prime factors of (1 + (-9)/g)*2?
5
Suppose 4 = 2*p - 4. Let y = -2 + p. Let n(j) = j**3 + j**2 - 2. What are the prime factors of n(y)?
2, 5
Suppose -25 - 3 = -2*q. Suppose 3*v + 5 = q. List the prime factors of ((-2)/4)/(v/(-12)).
2
Let q(a) be the third derivative of -a**4/12 - 7*a**3/6 - 3*a**2. Let i be q(-5). List the prime factors of 3/(((-18)/(-44))/i).
2, 11
Suppose -4 = 4*f, -3 = 3*m - 4*f - 13. Suppose -m*c - 36 + 92 = 0. List the prime factors of c.
2, 7
Suppose -v + 3*v - 30 = 0. What are the prime factors of v/25 - 321/(-15)?
2, 11
Suppose -110 = -12*v + 7*v. List the prime factors of v.
2, 11
Let o = 837 + -575. What are the prime factors of o?
2, 131
Suppose -7*n + 4*n = -399. List the prime factors of n.
7, 19
Let w(k) = k**3 - 12*k**2 - 16*k + 1. What are the prime factors of w(14)?
13
What are the prime factors of 11/(-2)*12/(-2)?
3, 11
Suppose -5*g = -3*g - 40. Let v = g + 1. List the prime factors of v.
3, 7
Let k = 13 + -21. Let q = k - -30. List the prime factors of q.
2, 11
Let o(t) = 0*t**2 + 2*t**2 + 0*t**2 - 1 + t**2. Let u be o(1). Suppose 4*a = -2*h + 40, 4*a = -u*h - 2*h + 32. What are the prime factors of a?
2, 3
Suppose -a + 38 = 4*a - 2*k, -4*k - 40 = -4*a. List the prime factors of -24*1*a/(-9).
2
Let c be (-1 + 20/6)*3. Let g be (2 + -1)/(1/(-5)). Let b = g + c. List the prime factors of b.
2
Suppose 3*u = 2*u - 5*r + 13, 2*u + 5*r = 16. Let g(b) = b + 4. What are the prime factors of g(u)?
7
Suppose -4*f + h + 104 = 6*h, 96 = 4*f + 3*h. What are the prime factors of f?
3, 7
Let m be 108/(-8)*8/(-6). Suppose 2*p + 30 = -3*p - i, -3*p - 2*i - m = 0. List the prime factors of (-60)/(-25)*(-20)/p.
2
Suppose -5*o = -2*o - 6. What are the prime factors of o?
2
Suppose 0 = 2*o - 2 - 0. Let y(f) = 3*f**3 + f**2 - 1. Let a be y(o). Suppose 5*c = a + 22. List the prime factors of c.
5
Let t(h) = -5*h**3 + 2. Let g(c) = -6*c**3 + 3. Let v(q) = 6*g(q) - 7*t(q). List the prime factors of v(-3).
31
Let v(y) = y**3 + 10*y**2 + 2. Let o be v(-10). Suppose -2*l = 3*b + o*l - 124, -203 = -5*b - 3*l. Suppose -10*d + b = -6*d. List the prime factors of d.
2, 5
Suppose -5*i + i + 36 = 0. What are the prime factors of i?
3
Let d(s) = 3*s + 5. Let c be d(7). Let t(a) = -a**2 - 8*a - 12. Let z be t(-6). Suppose j + j - c = z. List the prime factors of j.
13
Let c = 64 + -19. What are the prime factors of c?
3, 5
Let d(q) = 3*q - 16. What are the prime factors of d(12)?
2, 5
Let a(v) = v + 9. Let j be a(-7). Let r(c) = 1 - 4 - c**2 - j*c + 7*c. List the prime factors of r(3).
3
Let m = 119 + -12. List the prime factors of m.
107
Suppose 4*o = -5*u + 37, -3*o - u = -6*u + 16. Suppose -59 = o*w + r, -2*w - 2*r + 4*r - 26 = 0. List the prime factors of (-220)/w - (-6)/(-27).
2, 3
What are the prime factors of 2*(-1)/(-8) + (-5149)/(-76)?
2, 17
Let j(f) = f**3 - 10*f**2 + 10*f - 9. Let d be j(9). Suppose 63 = 3*z - m, -2*m - 3*m = d. What are the prime factors of z?
3, 7
Let f = 5 + -4. Let v be 9 - f - (-2)/(-1). Suppose 18 = 4*d - v. List the prime factors of d.
2, 3
Let u(y) = y**3 + 3*y**2 - 3*y. Suppose 0 - 2 = -w. What are the prime factors of u(w)?
2, 7
Suppose 3*m - 2 = 31. List the prime factors of (m/(-2) - -1)*-2.
3
Suppose 13 + 42 = 5*g. Suppose -26 + g = -3*n. Suppose 0 = 2*f + 4*l - 2*l - 28, 22 = f + n*l. What are the prime factors of f?
2, 3
Suppose 0 = 2*b - 22 - 0. List the prime factors of b.
11
Let a = 1 + 44. List the prime factors of (-2 - (-36)/15)*a.
2, 3
Let r be 0*(-3)/(-6) + 2. Let f be 2*(10 - r)/(-2). Let u = 18 + f. List the prime factors of u.
2, 5
Let y(c) = -4*c - 3. Let o be y(-5). Let f = o + -9. List the prime factors of f.
2
Let p(v) = 8*v + 23. What are the prime factors of p(4)?
5, 11
List the prime factors of 121 - (0/(2 + -5) + 2).
7, 17
Suppose q = -3*q + 24. What are the prime factors of 4/(8/q) - -12?
3, 5
Let o(f) = -f**3 + 7*f**2 - 4*f + 7. Let v be (-2)/6 + (-323)/(-51). What are the prime factors of o(v)?
19
Let s(c) = 2*c**3 - 10*c**2 + 6*c + 2. List the prime factors of s(6).
2, 5, 11
Let m be -9*-1*(-2)/(-3). Let y(f) = -f**3 - 6*f**2 - 6*f - 3. Let t be y(-5). Suppose -4 = -2*g + q + 2, -5*q - m = -t*g. What are the prime factors of g?
3
Let i = -19 - -42. Let s = i - -16. What are the prime factors of s?
3, 13
Let c(s) = s**2 - 2*s - 2. Let i be c(-2). Suppose 10*j - i*j - 24 = 0. What are the prime factors of j?
2, 3
Let i = 17 + -8. List the prime factors of i.
3
Suppose -114*j + 590 = -109*j. What are the prime factors of j?
2, 59
Suppose 2*y + 4*f = 8, -6*y = -y - 4*f + 8. Suppose 6*z - 8*z + 4 = y. List the prime factors of z.
2
Let m be 6/(-18) - 16/(-3). Let v = -4 + m. Let y = v + 1. List the prime factors of y.
2
Let m(q) = q - 20. Let h be m(13). Let z = 9 - h. What are the prime factors of z?
2
Suppose 3*g - 7 = 4*x, -5*g - 2*x - 11 = 12. Let h = 4 + g. What are the prime factors of 10 + (1 - h - 0)?
2, 5
Suppose -f - 2 = -199. What are the prime factors of f?
197
Suppose 0 = -q - 4*q. Let a(i) = i - 8. Let o be a(q). Let z = 4 - o. What are the prime factors of z?
2, 3
Let o(d) = d**3 + 6*d**2 + 5*d + 1. Let s be o(-5). Suppose -5*k = s - 11. Suppose 0*c - 24 = -k*n - c, -5*n = c - 54. List the prime factors of n.
2, 5
Suppose 2*f - 267 = -3*c, 0 = -4*f + c + 320 + 249. List the prime factors of f.
3, 47
Let w = 0 + 20. What are the prime factors of w?
2, 5
Suppose -14 = -3*i - r + 8, r = i - 14. Let q = i - 7. List the prime factor